, 17, 103
List the prime factors of 3058.
2, 11, 139
What are the prime factors of 5233?
5233
List the prime factors of 6651.
3, 739
What are the prime factors of 4042?
2, 43, 47
List the prime factors of 849.
3, 283
List the prime factors of 21243.
3, 73, 97
List the prime factors of 12104.
2, 17, 89
List the prime factors of 86540.
2, 5, 4327
List the prime factors of 149313.
3, 71, 701
List the prime factors of 19072.
2, 149
List the prime factors of 83382.
2, 3, 13, 1069
What are the prime factors of 2286?
2, 3, 127
List the prime factors of 794.
2, 397
List the prime factors of 1039.
1039
List the prime factors of 51.
3, 17
What are the prime factors of 2193?
3, 17, 43
What are the prime factors of 2273?
2273
What are the prime factors of 15326?
2, 79, 97
List the prime factors of 19365.
3, 5, 1291
List the prime factors of 554.
2, 277
List the prime factors of 2961.
3, 7, 47
What are the prime factors of 71962?
2, 11, 3271
List the prime factors of 16552.
2, 2069
List the prime factors of 40291.
43, 937
List the prime factors of 1499.
1499
What are the prime factors of 2943?
3, 109
List the prime factors of 26229.
3, 7, 1249
What are the prime factors of 9821?
7, 23, 61
List the prime factors of 9089.
61, 149
What are the prime factors of 5909?
19, 311
List the prime factors of 100166.
2, 11, 29, 157
What are the prime factors of 44856?
2, 3, 7, 89
What are the prime factors of 29695?
5, 5939
List the prime factors of 30700.
2, 5, 307
List the prime factors of 53393.
107, 499
What are the prime factors of 2661?
3, 887
What are the prime factors of 30317?
7, 61, 71
What are the prime factors of 38093?
11, 3463
What are the prime factors of 59465?
5, 7, 1699
List the prime factors of 23844.
2, 3, 1987
What are the prime factors of 4743?
3, 17, 31
What are the prime factors of 25957?
101, 257
List the prime factors of 13456.
2, 29
List the prime factors of 704.
2, 11
List the prime factors of 6428.
2, 1607
List the prime factors of 20384.
2, 7, 13
List the prime factors of 2316.
2, 3, 193
What are the prime factors of 4456?
2, 557
List the prime factors of 12103.
7, 13, 19
List the prime factors of 11590.
2, 5, 19, 61
What are the prime factors of 6020?
2, 5, 7, 43
List the prime factors of 1754.
2, 877
What are the prime factors of 6142?
2, 37, 83
What are the prime factors of 3783?
3, 13, 97
List the prime factors of 2568.
2, 3, 107
What are the prime factors of 980?
2, 5, 7
List the prime factors of 97277.
89, 1093
List the prime factors of 779.
19, 41
List the prime factors of 12279.
3, 4093
What are the prime factors of 1998?
2, 3, 37
What are the prime factors of 9?
3
What are the prime factors of 39566?
2, 73, 271
What are the prime factors of 315?
3, 5, 7
What are the prime factors of 12818?
2, 13, 17, 29
What are the prime factors of 15906?
2, 3, 11, 241
List the prime factors of 7230.
2, 3, 5, 241
List the prime factors of 72970.
2, 5, 7297
List the prime factors of 70319.
19, 3701
What are the prime factors of 7023?
3, 2341
What are the prime factors of 225?
3, 5
What are the prime factors of 8597?
8597
List the prime factors of 60318.
2, 3, 1117
What are the prime factors of 1276?
2, 11, 29
What are the prime factors of 925?
5, 37
What are the prime factors of 60561?
3, 2243
What are the prime factors of 55398?
2, 3, 7, 1319
What are the prime factors of 10255?
5, 7, 293
List the prime factors of 14784.
2, 3, 7, 11
What are the prime factors of 3968?
2, 31
List the prime factors of 16385.
5, 29, 113
List the prime factors of 1388.
2, 347
List the prime factors of 84533.
84533
List the prime factors of 33232.
2, 31, 67
List the prime factors of 5994.
2, 3, 37
List the prime factors of 1876.
2, 7, 67
What are the prime factors of 11331?
3, 1259
What are the prime factors of 1272?
2, 3, 53
What are the prime factors of 26645?
5, 73
What are the prime factors of 3367?
7, 13, 37
What are the prime factors of 10176?
2, 3, 53
List the prime factors of 23633.
23633
What are the prime factors of 151941?
3, 50647
What are the prime factors of 832?
2, 13
What are the prime factors of 1990?
2, 5, 199
List the prime factors of 53305.
5, 7, 1523
What are the prime factors of 433?
433
List the prime factors of 56.
2, 7
What are the prime factors of 4759?
4759
What are the prime factors of 1367?
1367
What are the prime factors of 20661?
3, 71, 97
What are the prime factors of 58?
2, 29
List the prime factors of 4744.
2, 593
What are the prime factors of 1064?
2, 7, 19
List the prime factors of 1455.
3, 5, 97
What are the prime factors of 37109?
43, 863
What are the prime factors of 3419?
13, 263
What are the prime factors of 170873?
170873
What are the prime factors of 3605?
5, 7, 103
List the prime factors of 429.
3, 11, 13
What are the prime factors of 869?
11, 79
What are the prime factors of 29362?
2, 53, 277
List the prime factors of 670.
2, 5, 67
What are the prime factors of 14151?
3, 53, 89
List the prime factors of 2013.
3, 11, 61
List the prime factors of 1527.
3, 509
What are the prime factors of 338?
2, 13
What are the prime factors of 4144?
2, 7, 37
List the prime factors of 243.
3
What are the prime factors of 96873?
3, 7, 659
List the prime factors of 3334.
2, 1667
What are the prime factors of 1620?
2, 3, 5
What are the prime factors of 8677?
8677
What are the prime factors of 7616?
2, 7, 17
List the prime factors of 8405.
5, 41
List the prime factors of 1090.
2, 5, 109
What are the prime factors of 15025?
5, 601
What are the prime factors of 20472?
2, 3, 853
What are the prime factors of 2765?
5, 7, 79
What are the prime factors of 1119?
3, 373
What are the prime factors of 779?
19, 41
List the prime factors of 6422.
2, 13, 19
List the prime factors of 895.
5, 179
What are the prime factors of 189511?
7, 27073
List the prime factors of 133057.
19, 47, 149
List the prime factors of 2590.
2, 5, 7, 37
What are the prime factors of 1423?
1423
What are the prime factors of 936?
2, 3, 13
List the prime factors of 57540.
2, 3, 5, 7, 137
What are the prime factors of 60774?
2, 3, 7, 1447
What are the prime factors of 6566?
2, 7, 67
List the prime factors of 66140.
2, 5, 3307
What are the prime factors of 16568?
2, 19, 109
What are the prime factors of 890?
2, 5, 89
What are the prime factors of 3085?
5, 617
What are the prime factors of 2825?
5, 113
List the prime factors of 3931.
3931
What are the prime factors of 12625?
5, 101
List the prime factors of 970.
2, 5, 97
What are the prime factors of 4028?
2, 19, 53
List the prime factors of 2306.
2, 1153
What are the prime factors of 23145?
3, 5, 1543
What are the prime factors of 80108?
2, 7, 2861
What are the prime factors of 74837?
7, 10691
List the prime factors of 38589.
3, 19, 677
List the prime factors of 21237.
3, 7079
What are the prime factors of 139?
139
What are the prime factors of 5788?
2, 1447
List the prime factors of 146515.
5, 29303
List the prime factors of 1588.
2, 397
What are the prime factors of 3555?
3, 5, 79
What are the prime factors of 345?
3, 5, 23
List the prime factors of 22431.
3, 7477
List the prime factors of 2343.
3, 11, 71
List the prime factors of 52998.
2, 3, 11, 73
List the prime factors of 5344.
2, 167
What are the prime factors of 6853?
7, 11, 89
List the prime factors of 15163.
59, 257
List the prime factors of 23213.
139, 167
List the prime factors of 33175.
5, 1327
List the prime factors of 832.
2, 13
List the prime factors of 702.
2, 3, 13
List the prime factors of 18086.
2, 9043
List the prime factors of 830.
2, 5, 83
What are the prime factors of 2356?
2, 19, 31
List the prime factors of 25815.
3, 5, 1721
List the prime factors of 174215.
5, 34843
What are the prime factors of 2936?
2, 367
What are the prime factors of 192825?
3, 5, 857
List the prime factors of 3645.
3, 5
List the prime factors of 6906.
2, 3, 1151
List the prime factors of 10887.
3, 19, 191
List the prime factors of 244.
2, 61
What are the prime factors of 74993?
19, 3947
What are the prime factors of 11573?
71, 163
What are the prime factors of 12254?
2, 11, 557
What are the prime factors of 142057?
142057
What are the prime factors of 2701?
37, 73
List the prime factors of 3691.
3691
What are the prime factors of 90277?
11, 29, 283
What are the prime factors of 11215?